{"id":488,"date":"2024-07-01T13:49:55","date_gmt":"2024-07-01T13:49:55","guid":{"rendered":"https:\/\/siatkadlakota.pl\/index.php\/mesmerize\/"},"modified":"2025-02-07T13:32:37","modified_gmt":"2025-02-07T13:32:37","slug":"mesmerize","status":"publish","type":"page","link":"https:\/\/siatkadlakota.pl\/","title":{"rendered":"Front Page"},"content":{"rendered":"<div  id=\"overlappable-4\" class=\"overlappable-4 content-section content-section-spacing\" style=\"background-color: #ffffff;\" data-label=\"Overlappable\" data-id=\"overlappable-4\" data-export-id=\"overlappable-4\" data-category=\"overlappable\" data-overlap=\"true\">\n<div  class=\"gridContainer\">\n<div  class=\"row spaced-cols text-center\" data-type=\"row\">\n<div  class=\"col-xs-12 col-sm-4 col-padding\"><i  class=\"fa icon shadow-large-black aligncenter color1 fa-wrench reverse round large\"><\/i>\n<div  class=\"\" data-type=\"column\">\n<h5  class=\"\">JAKO\u015a\u0106 POPARTA GWARANCJ\u0104<\/h5>\n<p  class=\"\">Korzystamy z najwy\u017cszej jako\u015bci materia\u0142\u00f3w, tak aby siatka s\u0142u\u017cy\u0142a jak najd\u0142u\u017cej, a ty by\u0142 spokojny o bezpiecze\u0144stwo twojego pupila czy stan swojego balkonu lub tarasu.&nbsp; Wszystkie nasze realizacje obj\u0119te s\u0105 gwarancj\u0105.<\/p>\n<\/div>\n<\/div>\n<div  class=\"col-xs-12 col-sm-4 col-padding\"><i  class=\"fa icon shadow-large-black aligncenter color1 fa-clock-o reverse round large\"><\/i>\n<div  class=\"\" data-type=\"column\">\n<h5  class=\"\">EKSPRESOWA WYCENA<\/h5>\n<p  class=\"\">Dzi\u0119ki naszemu kalkulatorowi, mo\u017cesz pozna\u0107 przybli\u017con\u0105 cen\u0119 nawet bez konieczno\u015bci kontaktu. W przypadku bardziej skomplikowanych lub wi\u0119kszych monta\u017cy np. w przypadku wolier lub nietypowych konstrukcji, kontaktuj\u0105c si\u0119 z nami telefonicznie lub mailowo otrzymasz szybk\u0105 wycen\u0119 jeszcze tego samego dnia.<\/p>\n<\/div>\n<\/div>\n<div  class=\"col-xs-12 col-sm-4 col-padding\"><i  class=\"fa icon shadow-large-black aligncenter color1 fa-calendar-check-o reverse round large\"><\/i>\n<div  class=\"\" data-type=\"column\">\n<h5  class=\"\">SZYBKA REALIZACJA<\/h5>\n<p  class=\"\">Wybieraj\u0105c nas nie musisz czeka\u0107 miesi\u0105cami na wykonanie us\u0142ugi. Zlecenia staramy si\u0119 finalizowa\u0107 w przedziale od kilku dni do maksymalnie dw\u00f3ch tygodni.<\/p>\n<p  class=\"\">\n<\/p>\n\n<\/div>\n<\/div>\n<\/div>\n<\/div>\n<\/div><div  id=\"o-nas\" class=\"about-images-right-section content-section content-section-spacing\" style=\"background-color: #ffffff;\" data-label=\"O nas\" data-id=\"about--1\" data-export-id=\"about-images-right-section\" data-category=\"about\">\n<div  class=\"gridContainer\">\n<div  class=\"row middle-sm text-center\">\n<div  class=\"col-sm-5 content-left-sm\" data-type=\"column\">\n<h2  class=\"\">O nas<\/h2>\n<p  class=\"\">Nasza przygoda z zabezpieczaniem powierzchni siatkami zacz\u0119\u0142a si\u0119 ponad 5 lat temu. Stale staramy si\u0119 dostosowywa\u0107 do twoich potrzeb i sprosta\u0107 oczekiwaniom szukaj\u0105c nowych, lepszych rozwi\u0105za\u0144. Do ka\u017cdej realizacji podchodzimy indywidualnie. Je\u015bli tylko masz specjalne \u017cyczenia, w\u0142asne koncepcje, we\u017amiemy je pod uwag\u0119 przy wkonywaniu naszej pracy. Stale przypominamy sobie, \u017ce ostatecznie chodzi o to aby\u015b by\u0142 zadowolony z naszych us\u0142ug i m\u00f3g\u0142 szczerze poleci\u0107 nasz\u0105 firm\u0119 znajomym i rodzinie. Dla nas natomiast jest to ogromna motywacja kiedy widzimy zadowolonych klient\u00f3w i stale powi\u0119kszaj\u0105c\u0105 si\u0119 liczb\u0119 realizacji wp\u0142ywaj\u0105cych na rozwoju naszej firmy<\/p>\n<p  class=\"\"><\/p>\n<a  class=\"button blue\" href=\"#oferta\" target=\"_self\" data-cp-link=\"1\" rel=\"noopener\">Chc\u0119 pozna\u0107 ofert\u0119<\/a><a  class=\"button blue\" href=\"#siatki\" target=\"_self\" data-cp-link=\"1\" rel=\"noopener\">Chc\u0119 zobaczy\u0107 rodzaje siatek<\/a><a  class=\"button blue\" href=\"#\" target=\"_self\" data-cp-link=\"1\" rel=\"noopener\">Chc\u0119 poprosi\u0107 o wycen\u0119 monta\u017cu<\/a><\/div>\n<div  class=\"col-sm-7 space-bottom-xs\">\n<div  class=\"image-group-side-3-img\"><img  decoding=\"async\" class=\"topimg shadow-large\" title=\"cropped-cropped-image-2-1.webp\" src=\"http:\/\/siatkadlakota.pl\/wp-content\/uploads\/2024\/07\/cropped-cropped-image-2-1.webp\" alt=\"\"> <img  decoding=\"async\" class=\"rightimg shadow-large\" title=\"cropped-kopia-test-w-trakcie-siatka-dla-kota-z-drucikiem-na-balkon-bezpieczne-koty-oczka-30x30mm-na-wym_7337.jpg\" src=\"http:\/\/siatkadlakota.pl\/wp-content\/uploads\/2024\/05\/cropped-kopia-test-w-trakcie-siatka-dla-kota-z-drucikiem-na-balkon-bezpieczne-koty-oczka-30x30mm-na-wym_7337.jpg\" alt=\"\">\n<div  class=\"leftimg\"><img  decoding=\"async\" class=\"shadow-large\" title=\"cropped-cropped-image-1-1.webp\" src=\"http:\/\/siatkadlakota.pl\/wp-content\/uploads\/2024\/07\/cropped-cropped-image-1-1.webp\" alt=\"\"><\/div>\n<\/div>\n<\/div>\n<\/div>\n<\/div>\n<\/div><div  id=\"oferta\" class=\"features-12-card-bordered content-section content-section-spacing \" style=\"background-color: #ffffff;\" data-label=\"Oferta\" data-id=\"features-12-card-bordered\" data-export-id=\"features-12-card-bordered\" data-category=\"features\">\n<div  class=\"gridContainer\">\n<div  class=\"row text-center\">\n<div  class=\"section-title-col\" data-type=\"column\">\n<h2  class=\"\">Nasza oferta<\/h2>\n<p  class=\"lead\"><span  style=\"font-size: 19.2px; background-color: #f5fafd;\">Oferujemy us\u0142ugi monta\u017cu siatek zabezpieczaj\u0105cych na balkonach, tarasach, w oknach, ale tak\u017ce obiekt\u00f3w przemys\u0142owych czy zabytk\u00f3w. Staramy si\u0119 znale\u017a\u0107 rozwi\u0105zanie odpowiednie dla ka\u017cdego klienta. Ponadto, zabezpieczamy powierzchnie przed szkodliwym wp\u0142ywem go\u0142\u0119bi i innych ptak\u00f3w, stosuj\u0105c siatki, kolce, odstraszacze.<\/span><\/p>\n<p  class=\"lead\">Do\u015bwiadczenie nauczy\u0142o nas oszcz\u0119dza\u0107 czas, pieni\u0105dze i nerwy zar\u00f3wno naszych pracownik\u00f3w jak i klient\u00f3w.<\/p>\n<\/div>\n<\/div>\n<div  class=\"row spaced-cols\" data-type=\"row\">\n<div  class=\"col-sm-6\">\n<div  class=\"card row-card bordered y-move\">\n<div  class=\"row\">\n<div  class=\"col-sm-fit icon-column\">&nbsp;<\/div>\n<div  class=\"col-sm\" data-type=\"column\">\n<h5  class=\"color2\">Wiele rozwi\u0105za\u0144<\/h5>\n<p  class=\"\">Przez lata przetestowali\u015bmy naprawd\u0119 wiele rozwi\u0105za\u0144. Oferujemy monta\u017ce<br >\u2013 <strong >inwazyjne<\/strong> (wiercone),<br >\u2013 bezinwazyjne (przy pomocy <strong >przyklejanych zaczep\u00f3w<\/strong>)<br >\u2013 bezinwazyjne (stosuj\u0105c <strong >stela\u017ce aluminiowe<\/strong> lub <strong >wsporniki<\/strong>)<br >\u2013 <strong >wolier i klatek<\/strong><\/p>\n<\/div>\n<\/div>\n<\/div>\n<\/div>\n<div  class=\"col-sm-6\">\n<div  class=\"card row-card bordered y-move\">\n<div  class=\"row\">\n<div  class=\"col-sm-fit icon-column\">&nbsp;<\/div>\n<div  class=\"col-sm\" data-type=\"column\">\n<h5  class=\"color2\">Sprawdzone materia\u0142y<\/h5>\n<p  class=\"\">Oferujemy tylko sprawdzone siatki zar\u00f3wno polietylenowe jak i stalowe.<\/p>\n<p  class=\"\">Stosujemy stalowe i aluminiowe stela\u017ce.<\/p>\n<p  class=\"\">Oferujemy monta\u017c przy pomocy element\u00f3w zar\u00f3wno ocynkowanych jak i nierdzewnych.<\/p>\n<p  class=\"\"><a  class=\"link\" href=\"#\" target=\"_self\" rel=\"noopener\" data-cp-link=\"1\">Sprawd\u017a nasz\u0105 ofert\u0119 siatek<\/a><\/p>\n<\/div>\n<\/div>\n<\/div>\n<\/div>\n<div  class=\"col-sm-6\">\n<div  class=\"card row-card bordered y-move\">\n<div  class=\"row\">\n<div  class=\"col-sm-fit icon-column\">&nbsp;<\/div>\n<div  class=\"col-sm\" data-type=\"column\">\n<h5  class=\"color2\">Gdzie montujemy?<\/h5>\n<p  class=\"\">Wykonujemy us\u0142ugi na terenie wojew\u00f3dztwa <strong >\u015al\u0105skiego, \u0141\u00f3dzkiego, \u015awi\u0119tokrzyskiego i Ma\u0142opolskiego, w miastach takich&nbsp; jak Katowice, Gliwice, Zabrze, Sosnowiec, Krak\u00f3w, \u0141\u00f3d\u017a, Kielce, Radom.<\/strong> W przypadku wi\u0119kszych realizacji pracujemy na terenie ca\u0142ego kraju.<\/p>\n<\/div>\n<\/div>\n<\/div>\n<\/div>\n<div  class=\"col-sm-6\">\n<div  class=\"card row-card bordered y-move\">\n<div  class=\"row\">\n<div  class=\"col-sm-fit icon-column\">&nbsp;<\/div>\n<div  class=\"col-sm\" data-type=\"column\">\n<h5  class=\"color2\">Szybka wycena<\/h5>\n<p  class=\"\">Dzi\u0119ki naszemu <strong >kalkulatorowi<\/strong>, mo\u017cesz pozna\u0107 przybli\u017con\u0105 cen\u0119 nawet bez konieczno\u015bci kontaktu. W przypadku bardziej skomplikowanych lub wi\u0119kszych monta\u017cy np. w przypadku wolier lub nietypowych konstrukcji, kontaktuj\u0105c si\u0119 z nami telefonicznie lub mailowo otrzymasz szybk\u0105 wycen\u0119 jeszcze <strong >tego samego dnia.<\/strong><\/p>\n<\/div>\n<\/div>\n<\/div>\n<\/div>\n<\/div>\n<\/div>\n<\/div><div  data-label=\"Cta\" data-id=\"cta--1\" data-export-id=\"cta-blue-section\" data-category=\"cta\" class=\"cta-blue-section content-section content-section-spacing-medium bg-color1 white-text\" id=\"cta-1\"><div  class=\"gridContainer\"> <div  class=\"row middle-xs\"><div  class=\"col-sm-8 space-bottom-xs\" data-type=\"column\"> <h2  class=\"\">Poznaj przybli\u017con\u0105 cen\u0119 To zajmie tylko chwilk\u0119 <\/h2> <\/div> <div  class=\"col-sm-4 end-sm\" data-type=\"column\"> <a  class=\"button color2\" href=\"#kontakt\" target=\"_self\" data-cp-link=\"1\" rel=\"noopener\">Chc\u0119 pozna\u0107 cen\u0119 monta\u017cu<\/a><\/div> <\/div><\/div> <\/div><div  id=\"siatki\" class=\"content-3 content-section content-section-spacing\" style=\"background-color: #ffffff;\" data-label=\"Siatki\" data-id=\"content-3\" data-export-id=\"content-3\" data-category=\"content\">\n<div  class=\"\">\n<div  class=\"row middle-xs\">\n<div  class=\"col-sm-7 full-col-left-padding full-col-right-padding\">\n<div  class=\"row\">\n<div  class=\"space-bottom-small content-title-col content-center-sm\" data-type=\"column\">\n<h2  class=\"\">Szeroki wyb\u00f3r materia\u0142\u00f3w<\/h2>\n<p  class=\"\">Dzi\u0119ki wieloletniemu do\u015bwiadczeniu przetestowali\u015bmy mn\u00f3stwo rozwi\u0105za\u0144. Wiemy co w jakiej sytuacji najlepiej si\u0119 sprawdzi, ch\u0119tnie dzielimy si\u0119 z naszymi klientami do\u015bwiadczeniem i pomagamy dopasowa\u0107 najlepsze rozwi\u0105zanie dla jego potrzeb przedstawiaj\u0105c zalety i wady konkretnych rozwi\u0105za\u0144. Wszystkie siatki w naszej ofercie s\u0105 wodoodporne i mrozoodporne. Siatki PE s\u0105 wzbogacone ochron\u0105 przed promieniami UV, ponadto, ich materia\u0142 jest odporny na zabrudzenia.<\/p>\n<\/div>\n<\/div>\n<div  class=\"row spaced-cols center-sm content-center-sm\" data-type=\"row\">\n<div  class=\"col-xs-6 col-md-6\" data-type=\"column\">\n<h5  class=\"\">PE HD, oczko 2,5\u00d72,5 cm splot 1.25 mm\n<\/h5>\n<p  class=\"\"><img  decoding=\"async\" class=\"custom-image\" title=\"cropped-siatka-25x25mm-z-drucikiem.jpg\" src=\"http:\/\/siatkadlakota.pl\/wp-content\/uploads\/2024\/08\/cropped-siatka-25x25mm-z-drucikiem.jpg\" alt=\"\"><\/p>\n<p  class=\"\">Jedna z mocniejszych siatek w ofercie. Dzi\u0119ki wplecionemu drucikowi traw\u0142a i odporna, a dzi\u0119ki niewielkim oczkom nadaje si\u0119 r\u00f3wnie\u017c dla mniejszych kot\u00f3w, kt\u00f3re lubi\u0105 rozrabia\u0107.<\/p>\n<\/div><div  class=\"col-xs-6 col-md-6\" data-type=\"column\">\n<h5  class=\"\">PE HD, oczko 4\u00d74 cm wzmacniana\n<br >splot 1.5 mm<\/h5>\n\n<p  class=\"\"><img  decoding=\"async\" class=\"custom-image\" title=\"cropped-4x4-1.webp\" src=\"http:\/\/siatkadlakota.pl\/wp-content\/uploads\/2024\/07\/cropped-4x4-1.webp\" alt=\"\"><\/p>\n<p  class=\"\">Siatka dla wi\u0119kszych kot\u00f3w lub dla takich, kt\u00f3re lubi\u0105 rozrabia\u0107. Grubsza splotka 1.5 mm gwarantuje ponadstandardowe bezpiecze\u0144stwo.<\/p>\n<\/div><div  class=\"col-xs-6 col-md-6\" data-type=\"column\">\n<h5  class=\"\">PE HD, oczko 3\u00d73 cm wzmacniana drucikiem splot 1.5 mm<\/h5>\n<img  decoding=\"async\" class=\"custom-image\" src=\"http:\/\/siatkadlakota.pl\/wp-content\/uploads\/2024\/08\/cropped-siatka3x3-1.webp\" title=\"cropped-siatka3x3-1.webp\" alt=\"\"><p  class=\"\">\n<br >Najmocniejsza z oferowanych siatek polietylenowych. Dzi\u0119ki wplecionemu drucikowi jest jeszcze odporniejsza, a dzi\u0119ki niewielkim oczkom nadaje si\u0119 r\u00f3wnie\u017c dla mniejszych kot\u00f3w, kt\u00f3re lubi\u0105 rozrabia\u0107.<\/p>\n<\/div><div  class=\"col-xs-6 col-md-6\" data-type=\"column\">\n<h5  class=\"\">PE HD, oczko 5\u00d75 cm\n<br >splot 1-1.2 mm<\/h5>\n\n<p  class=\"\"><img  decoding=\"async\" class=\"custom-image\" title=\"cropped-5x5-1.webp\" src=\"http:\/\/siatkadlakota.pl\/wp-content\/uploads\/2024\/07\/cropped-5x5-1.webp\" alt=\"\"><\/p>\n<p  class=\"\">Przeznaczona dla kot\u00f3w o \u015brednim rozmiarze o spokojnym usposobieniu, doskonale sprawdza si\u0119 r\u00f3wnie\u017c jako zabezpieczenie przeciw ptakom, siatka jest ma\u0142o widoczna, przepuszcza du\u017co \u015bwiat\u0142a, kosztuje niewiele w por\u00f3wnaniu z siatkami wzmacnianymi.<\/p>\n<\/div>\n\n<div  class=\"col-xs-6 col-md-6\" data-type=\"column\">\n<h5  class=\"\">PE HD, oczko 2.8\u00d72.8 cm splot 1-1.2 mm\n<\/h5>\n<p  class=\"\"><a  class=\"\" href=\"#\" data-cp-link=\"1\"><img  decoding=\"async\" class=\"custom-image\" title=\"cropped-5x5-1.webp\" src=\"http:\/\/siatkadlakota.pl\/wp-content\/uploads\/2024\/07\/cropped-5x5-1.webp\" alt=\"\"><\/a><\/p>\n<p  class=\"\">Przeznaczona dla mniejszych kot\u00f3w, siatka dzi\u0119ki piaskowemu odcieniowi jest ma\u0142o widoczna, przepuszcza du\u017co \u015bwiat\u0142a. Jej zalet\u0105 jest niska waga i lekko\u015b\u0107 przy jednoczesnym zapewnieniu dostatecznej ochrony.<\/p>\n<\/div>\n\n\n<div  class=\"col-xs-6 col-md-6\" data-type=\"column\">\n<h5  class=\"\">Stal ocynkowana, oczko \n<br >od 2 do 5 cm\n<br >grubo\u015b\u0107 od 0,7 do 0,9 mm<\/h5>\n\n<p  class=\"\"><img  decoding=\"async\" class=\"custom-image\" title=\"cropped-siatka-hexagonalna.webp\" src=\"http:\/\/siatkadlakota.pl\/wp-content\/uploads\/2024\/08\/cropped-siatka-hexagonalna.webp\" alt=\"\"><\/p>\n<p  class=\"\">Siatka kt\u00f3ra przetrwa wszystko, jej monta\u017c wymaga jednak zastosowania wspornik\u00f3w lub stala\u017ca ze wzgl\u0119du na specyfik\u0119 materia\u0142u.<\/p>\n<\/div><\/div>\n<\/div>\n<div  class=\"col-sm-5 bg-image shadow-large-black revert-classes-holder hide\" style=\"background-image: url(&quot;http:\/\/siatkadlakota.pl\/wp-content\/uploads\/2025\/02\/cropped-catsy-1.jpg&quot;);\" data-bg=\"image\">&nbsp;<\/div>\n<\/div>\n<\/div>\n<\/div><div  id=\"realizacje\" class=\"portfolio-4 content-section content-section-spacing-top\" style=\"background-color: #f5fafd;\" data-label=\"Realizacje\" data-id=\"portfolio-4\" data-export-id=\"portfolio-4\" data-category=\"portfolio\">\n<div  class=\"\">\n<div  class=\"row text-center\">\n<div  class=\"section-title-col\" data-type=\"column\">\n<h2  class=\"\">Realizacje<\/h2>\n<p  class=\"lead\">Sprawd\u017a nasze wybrane realizacje<\/p>\n<\/div>\n<\/div>\n<div  class=\"row\" data-type=\"row\" data-fixed=\"true\">\n<div  class=\"col-xs-12 col-sm-3 no-gutter-col col-md-6\">\n<div  class=\"contentswap-effect\" data-hover-fx=\"portfolio-4\">\n<div  class=\"initial-image\"><img  decoding=\"async\" src=\"http:\/\/siatkadlakota.pl\/wp-content\/uploads\/2024\/08\/cropped-DSC_0386-scaled-1.jpg\" data-size=\"542x360\"><\/div>\n<div  class=\"overlay bg-color1\">&nbsp;<\/div>\n<div  class=\"swap-inner col-xs-12\">\n<div  class=\"row full-height-row middle-xs middle-sm\">\n<div  class=\"col-xs-12 text-center content-holder\">&nbsp;<\/div>\n<\/div>\n<\/div>\n<\/div>\n<\/div>\n<div  class=\"col-xs-12 col-sm-3 no-gutter-col col-md-6\">\n<div  class=\"contentswap-effect\" data-hover-fx=\"portfolio-4\">\n<div  class=\"initial-image\"><img  decoding=\"async\" src=\"http:\/\/siatkadlakota.pl\/wp-content\/uploads\/2024\/08\/cropped-DSC_0511-scaled-1.jpg\" data-size=\"542x360\"><\/div>\n<div  class=\"overlay bg-color1\">&nbsp;<\/div>\n<div  class=\"swap-inner col-xs-12\">\n<div  class=\"row full-height-row middle-xs middle-sm\">\n<div  class=\"col-xs-12 text-center content-holder\">&nbsp;<\/div>\n<\/div>\n<\/div>\n<\/div>\n<\/div>\n<div  class=\"col-xs-12 col-sm-3 no-gutter-col col-md-6\">\n<div  class=\"contentswap-effect\" data-hover-fx=\"portfolio-4\">\n<div  class=\"initial-image\"><img  decoding=\"async\" src=\"http:\/\/siatkadlakota.pl\/wp-content\/uploads\/2024\/08\/cropped-DSC_0449-scaled-1.jpg\" data-size=\"542x360\"><\/div>\n<div  class=\"overlay bg-color1\">&nbsp;<\/div>\n<div  class=\"swap-inner col-xs-12\">\n<div  class=\"row full-height-row middle-xs middle-sm\">\n<div  class=\"col-xs-12 text-center content-holder\">&nbsp;<\/div>\n<\/div>\n<\/div>\n<\/div>\n<\/div>\n<div  class=\"col-xs-12 col-sm-3 no-gutter-col col-md-6\">\n<div  class=\"contentswap-effect\" data-hover-fx=\"portfolio-4\">\n<div  class=\"initial-image\"><img  decoding=\"async\" src=\"http:\/\/siatkadlakota.pl\/wp-content\/uploads\/2024\/08\/cropped-IMG_20240415_133418_6-scaled-1.jpg\" data-size=\"542x360\"><\/div>\n<div  class=\"overlay bg-color1\">&nbsp;<\/div>\n<div  class=\"swap-inner col-xs-12\">\n<div  class=\"row full-height-row middle-xs middle-sm\">\n<div  class=\"col-xs-12 text-center content-holder\">&nbsp;<\/div>\n<\/div>\n<\/div>\n<\/div>\n<\/div>\n<div  class=\"col-xs-12 col-sm-3 no-gutter-col col-md-6\">\n<div  class=\"contentswap-effect\" data-hover-fx=\"portfolio-4\">\n<div  class=\"initial-image\"><img  decoding=\"async\" src=\"http:\/\/siatkadlakota.pl\/wp-content\/uploads\/2024\/08\/cropped-DSC_0506-scaled-1.jpg\" data-size=\"542x360\"><\/div>\n<div  class=\"overlay bg-color1\">&nbsp;<\/div>\n<div  class=\"swap-inner col-xs-12\">\n<div  class=\"row full-height-row middle-xs middle-sm\">\n<div  class=\"col-xs-12 text-center content-holder\">&nbsp;<\/div>\n<\/div>\n<\/div>\n<\/div>\n<\/div>\n<div  class=\"col-xs-12 col-sm-3 no-gutter-col col-md-6\">\n<div  class=\"contentswap-effect\" data-hover-fx=\"portfolio-4\">\n<div  class=\"initial-image\"><img  decoding=\"async\" src=\"http:\/\/siatkadlakota.pl\/wp-content\/uploads\/2024\/08\/cropped-IMG_20240415_134008_1-scaled-1.jpg\" data-size=\"542x360\"><\/div>\n<div  class=\"overlay bg-color1\">&nbsp;<\/div>\n<div  class=\"swap-inner col-xs-12\">\n<div  class=\"row full-height-row middle-xs middle-sm\">\n<div  class=\"col-xs-12 text-center content-holder\">&nbsp;<\/div>\n<\/div>\n<\/div>\n<\/div>\n<\/div>\n<div  class=\"col-xs-12 col-sm-3 no-gutter-col col-md-6\">\n<div  class=\"contentswap-effect\" data-hover-fx=\"portfolio-4\">\n<div  class=\"initial-image\"><img  decoding=\"async\" src=\"http:\/\/siatkadlakota.pl\/wp-content\/uploads\/2024\/08\/cropped-DSC_0452-scaled-1.jpg\" data-size=\"542x360\"><\/div>\n<div  class=\"overlay bg-color1\">&nbsp;<\/div>\n<div  class=\"swap-inner col-xs-12\">\n<div  class=\"row full-height-row middle-xs middle-sm\">\n<div  class=\"col-xs-12 text-center content-holder\">&nbsp;<\/div>\n<\/div>\n<\/div>\n<\/div>\n<\/div>\n<div  class=\"col-xs-12 col-sm-3 no-gutter-col col-md-6\">\n<div  class=\"contentswap-effect\" data-hover-fx=\"portfolio-4\">\n<div  class=\"initial-image\"><img  decoding=\"async\" src=\"http:\/\/siatkadlakota.pl\/wp-content\/uploads\/2024\/08\/cropped-DSC_0524-scaled-1.jpg\" data-size=\"542x360\"><\/div>\n<div  class=\"overlay bg-color1\">&nbsp;<\/div>\n<div  class=\"swap-inner col-xs-12\">\n<div  class=\"row full-height-row middle-xs middle-sm\">\n<div  class=\"col-xs-12 text-center content-holder\">&nbsp;<\/div>\n<\/div>\n<\/div>\n<\/div>\n<\/div>\n<\/div>\n<\/div>\n<\/div><div  id=\"kontakt\" class=\"contact-1 content-section content-section-spacing white-text hide\" data-label=\"Kontakt\" data-id=\"contact-1\" data-export-id=\"contact-1\" data-category=\"contact\" data-parallax-depth=\"20\" style=\"background-image: url(&quot;http:\/\/siatkadlakota.pl\/wp-content\/uploads\/2024\/08\/cropped-DSC_0452-scaled-1.jpg&quot;); background-size: cover; background-position: center top;\">\n<div  class=\"gridContainer\">\n<div  class=\"row text-center\">\n<div  class=\"section-title-col\" data-type=\"column\">\n<h2  class=\"\">Skontaktuj si\u0119 z nami<\/h2>\n<p  class=\"lead\">W celu wyceny us\u0142ugi skontaktuj si\u0119 z nami za pomoc\u0105 poni\u017cszego formularza, mailowo lub telefonicznie. Je\u015bli powierzchnia kt\u00f3r\u0105 chcesz zabezpieczy\u0107 siatk\u0105 nie jest skomplikowana i rozleg\u0142a. Mo\u017cesz te\u017c skorzysta\u0107 z naszego kalkulatora, kt\u00f3ry pozwoli ci pozna\u0107 przybli\u017con\u0105 cen\u0119 realizacji.<\/p>\n<a  class=\"button blue\" href=\"#\" target=\"_self\" data-cp-link=\"1\">+48 791 480 066<\/a><a  class=\"button blue\" href=\"#\" target=\"_self\" data-cp-link=\"1\">biuro@siatkadlakota.pl<\/a><\/div>\n<\/div>\n<div  class=\"row text-center\">\n<div  class=\"col-xs-12 col-sm-8 col-sm-offset-2 contact-form-wrapper inline-info\">\n<div  class=\"card large-padding\">\n<div  class=\"\" data-content-shortcode=\"mesmerize_contact_form shortcode=&quot;contact-form-7 id=&amp;amp;quot;7a7feb2&amp;amp;quot; title=&amp;amp;quot;Kontakt&amp;amp;quot;&quot;\" data-editable=\"true\">\n<div class=\"wpcf7 no-js\" id=\"wpcf7-f547-o1\" lang=\"en-US\" dir=\"ltr\">\n<div class=\"screen-reader-response\"><p role=\"status\" aria-live=\"polite\" aria-atomic=\"true\"><\/p> <ul><\/ul><\/div>\n<form action=\"\/index.php\/wp-json\/wp\/v2\/pages\/488#wpcf7-f547-o1\" method=\"post\" class=\"wpcf7-form init\" aria-label=\"Contact form\" enctype=\"multipart\/form-data\" novalidate=\"novalidate\" data-status=\"init\">\n<div style=\"display: none;\">\n<input type=\"hidden\" name=\"_wpcf7\" value=\"547\" \/>\n<input type=\"hidden\" name=\"_wpcf7_version\" value=\"5.9.8\" \/>\n<input type=\"hidden\" name=\"_wpcf7_locale\" value=\"en_US\" \/>\n<input type=\"hidden\" name=\"_wpcf7_unit_tag\" value=\"wpcf7-f547-o1\" \/>\n<input type=\"hidden\" name=\"_wpcf7_container_post\" value=\"0\" \/>\n<input type=\"hidden\" name=\"_wpcf7_posted_data_hash\" value=\"\" \/>\n<\/div>\n<p><label> Imi\u0119<br \/>\n<span class=\"wpcf7-form-control-wrap\" data-name=\"your-name\"><input size=\"40\" maxlength=\"400\" class=\"wpcf7-form-control wpcf7-text wpcf7-validates-as-required\" autocomplete=\"name\" aria-required=\"true\" aria-invalid=\"false\" value=\"\" type=\"text\" name=\"your-name\" \/><\/span> <\/label>\n<\/p>\n<p><label> Numer do kontaktu<br \/>\n<span class=\"wpcf7-form-control-wrap\" data-name=\"tel-210\"><input size=\"40\" maxlength=\"400\" class=\"wpcf7-form-control wpcf7-tel wpcf7-text wpcf7-validates-as-tel\" aria-invalid=\"false\" value=\"\" type=\"tel\" name=\"tel-210\" \/><\/span><br \/>\n<\/label><br \/>\n<label> adres mailowy<br \/>\n<span class=\"wpcf7-form-control-wrap\" data-name=\"your-email\"><input size=\"40\" maxlength=\"400\" class=\"wpcf7-form-control wpcf7-email wpcf7-validates-as-required wpcf7-text wpcf7-validates-as-email\" autocomplete=\"email\" aria-required=\"true\" aria-invalid=\"false\" value=\"\" type=\"email\" name=\"your-email\" \/><\/span> <\/label>\n<\/p>\n<p><label> Opisz nam powierzchni\u0119 kt\u00f3r\u0105 chcesz zabezpieczy\u0107 (przybli\u017cone wymiary, adres, cel za\u0142o\u017cenia siatki)<br \/>\n<span class=\"wpcf7-form-control-wrap\" data-name=\"your-message\"><textarea cols=\"40\" rows=\"10\" maxlength=\"2000\" class=\"wpcf7-form-control wpcf7-textarea\" aria-invalid=\"false\" name=\"your-message\"><\/textarea><\/span> <\/label>\n<\/p>\n<p><label> Je\u015bli masz tak\u0105 mo\u017cliwo\u015b\u0107 za\u0142\u0105cz kilka zdj\u0119\u0107 pogl\u0105dowych \ud83d\ude42<br \/>\n<span class=\"wpcf7-form-control-wrap\" data-name=\"file-576\"><input size=\"40\" class=\"wpcf7-form-control wpcf7-file\" accept=\"audio\/*,video\/*,image\/*\" aria-invalid=\"false\" type=\"file\" name=\"file-576\" \/><\/span> <\/label>\n<\/p>\n<p><input class=\"wpcf7-form-control wpcf7-submit has-spinner\" type=\"submit\" value=\"Wy\u015blij\" \/>\n<\/p><div class=\"wpcf7-response-output\" aria-hidden=\"true\"><\/div>\n<\/form>\n<\/div>\n<\/div>\n<\/div>\n<\/div>\n<\/div>\n<\/div>\n<\/div>","protected":false},"excerpt":{"rendered":"<p>JAKO\u015a\u0106 POPARTA GWARANCJ\u0104 Korzystamy z najwy\u017cszej jako\u015bci materia\u0142\u00f3w, tak aby siatka s\u0142u\u017cy\u0142a jak najd\u0142u\u017cej, a ty by\u0142 spokojny o bezpiecze\u0144stwo twojego pupila czy stan swojego balkonu lub tarasu.&nbsp; Wszystkie nasze realizacje obj\u0119te s\u0105 gwarancj\u0105. EKSPRESOWA WYCENA Dzi\u0119ki naszemu kalkulatorowi, mo\u017cesz pozna\u0107 przybli\u017con\u0105 cen\u0119 nawet bez konieczno\u015bci kontaktu. W przypadku bardziej skomplikowanych lub wi\u0119kszych monta\u017cy np.&hellip; <br \/> <a class=\"read-more\" href=\"https:\/\/siatkadlakota.pl\/\">Read more<\/a><\/p>\n","protected":false},"author":1,"featured_media":0,"parent":0,"menu_order":0,"comment_status":"closed","ping_status":"closed","template":"page-templates\/homepage.php","meta":{"footnotes":""},"class_list":["post-488","page","type-page","status-publish","hentry"],"_links":{"self":[{"href":"https:\/\/siatkadlakota.pl\/index.php\/wp-json\/wp\/v2\/pages\/488","targetHints":{"allow":["GET"]}}],"collection":[{"href":"https:\/\/siatkadlakota.pl\/index.php\/wp-json\/wp\/v2\/pages"}],"about":[{"href":"https:\/\/siatkadlakota.pl\/index.php\/wp-json\/wp\/v2\/types\/page"}],"author":[{"embeddable":true,"href":"https:\/\/siatkadlakota.pl\/index.php\/wp-json\/wp\/v2\/users\/1"}],"replies":[{"embeddable":true,"href":"https:\/\/siatkadlakota.pl\/index.php\/wp-json\/wp\/v2\/comments?post=488"}],"version-history":[{"count":19,"href":"https:\/\/siatkadlakota.pl\/index.php\/wp-json\/wp\/v2\/pages\/488\/revisions"}],"predecessor-version":[{"id":594,"href":"https:\/\/siatkadlakota.pl\/index.php\/wp-json\/wp\/v2\/pages\/488\/revisions\/594"}],"wp:attachment":[{"href":"https:\/\/siatkadlakota.pl\/index.php\/wp-json\/wp\/v2\/media?parent=488"}],"curies":[{"name":"wp","href":"https:\/\/api.w.org\/{rel}","templated":true}]}}